{"id":185,"date":"2025-05-12T13:16:24","date_gmt":"2025-05-12T11:16:24","guid":{"rendered":"https:\/\/www.fitmin-kennel.cz\/?page_id=185"},"modified":"2025-05-12T19:48:08","modified_gmt":"2025-05-12T17:48:08","slug":"kynologicky-krouzek","status":"publish","type":"page","link":"https:\/\/www.fitmin-kennel.cz\/?page_id=185","title":{"rendered":"Kynologick\u00fd krou\u017eek"},"content":{"rendered":"\t\t<div data-elementor-type=\"wp-page\" data-elementor-id=\"185\" class=\"elementor elementor-185\">\n\t\t\t\t<div class=\"elementor-element elementor-element-01d48e5 e-flex e-con-boxed e-con e-parent\" data-id=\"01d48e5\" data-element_type=\"container\" data-settings=\"{&quot;background_background&quot;:&quot;classic&quot;}\">\n\t\t\t\t\t<div class=\"e-con-inner\">\n\t\t\t\t<div class=\"elementor-element elementor-element-88a7254 elementor-widget elementor-widget-heading\" data-id=\"88a7254\" data-element_type=\"widget\" data-widget_type=\"heading.default\">\n\t\t\t\t<div class=\"elementor-widget-container\">\n\t\t\t\t\t<h1 class=\"elementor-heading-title elementor-size-default\">Kynologick\u00fd krou\u017eek<\/h1>\t\t\t\t<\/div>\n\t\t\t\t<\/div>\n\t\t\t\t\t<\/div>\n\t\t\t\t<\/div>\n\t\t<div class=\"elementor-element elementor-element-329e5ca e-flex e-con-boxed e-con e-parent\" data-id=\"329e5ca\" data-element_type=\"container\">\n\t\t\t\t\t<div class=\"e-con-inner\">\n\t\t\t\t<div class=\"elementor-element elementor-element-bac7740 elementor-widget elementor-widget-text-editor\" data-id=\"bac7740\" data-element_type=\"widget\" data-widget_type=\"text-editor.default\">\n\t\t\t\t<div class=\"elementor-widget-container\">\n\t\t\t\t\t\t\t\t\t<p>Kynologick\u00fd krou\u017eek je ur\u010den hlavn\u011b d\u011btem, kter\u00e9 by si r\u00e1dy vyzkou\u0161ely p\u00e9\u010di o pejska, ale sv\u00e9ho vlastn\u00edho doma m\u00edt nemohou. Ide\u00e1ln\u00ed je i pro d\u011bti, kter\u00e9 o po\u0159\u00edzen\u00ed pejska zat\u00edm jen uva\u017euj\u00ed, ale zat\u00edm si neum\u00ed \u00fapln\u011b p\u0159esn\u011b p\u0159edstavit, co v\u0161echno p\u00e9\u010de o psa obn\u00e1\u0161\u00ed.<br \/><br \/>D\u011bti se sezn\u00e1m\u00ed se z\u00e1klady p\u00e9\u010de, v\u00fdchovy a v\u00fdcviku psa. Z\u00edskaj\u00ed i zku\u0161enosti s chovem ps\u016f, kdy\u017e budou pom\u00e1hat s chodem na\u0161\u00ed chovatelsk\u00e9 stanice. Po zvl\u00e1dnut\u00ed z\u00e1kladn\u00ed poslu\u0161nosti a ovladatelnosti psa se budou postupn\u011b seznamovat s kynologick\u00fdmi sporty. S na\u0161imi borderkami si vyzkou\u0161\u00ed agility, dog-frisbie a dogdancing.<br \/><br \/>Kynologick\u00fd krou\u017eek v chovatelsk\u00e9 stanici Fitmin je m\u00edsto, kde v d\u011btech podporujeme l\u00e1sku ke ps\u016fm, ostatn\u00edm zv\u00ed\u0159at\u016fm a p\u0159\u00edrod\u011b a z\u00e1rove\u0148 i prostor, kde se budou u\u010dit zodpov\u011bdnosti a samostatnosti.<\/p>\t\t\t\t\t\t\t\t<\/div>\n\t\t\t\t<\/div>\n\t\t\t\t\t<\/div>\n\t\t\t\t<\/div>\n\t\t<div class=\"elementor-element elementor-element-db8f714 e-flex e-con-boxed e-con e-parent\" data-id=\"db8f714\" data-element_type=\"container\">\n\t\t\t\t\t<div class=\"e-con-inner\">\n\t\t\t\t<div class=\"elementor-element elementor-element-64fe731 elementor-widget elementor-widget-heading\" data-id=\"64fe731\" data-element_type=\"widget\" data-widget_type=\"heading.default\">\n\t\t\t\t<div class=\"elementor-widget-container\">\n\t\t\t\t\t<h2 class=\"elementor-heading-title elementor-size-default\">N\u00e1pl\u0148 krou\u017eku<\/h2>\t\t\t\t<\/div>\n\t\t\t\t<\/div>\n\t\t\t\t<div class=\"elementor-element elementor-element-a058fa4 elementor-icon-list--layout-traditional elementor-list-item-link-full_width elementor-widget elementor-widget-icon-list\" data-id=\"a058fa4\" data-element_type=\"widget\" data-widget_type=\"icon-list.default\">\n\t\t\t\t<div class=\"elementor-widget-container\">\n\t\t\t\t\t\t\t<ul class=\"elementor-icon-list-items\">\n\t\t\t\t\t\t\t<li class=\"elementor-icon-list-item\">\n\t\t\t\t\t\t\t\t\t\t\t<span class=\"elementor-icon-list-icon\">\n\t\t\t\t\t\t\t<svg xmlns=\"http:\/\/www.w3.org\/2000\/svg\" xmlns:xlink=\"http:\/\/www.w3.org\/1999\/xlink\" width=\"256\" height=\"256\" viewBox=\"0 0 256 256\" xml:space=\"preserve\"><g style=\"stroke: none; stroke-width: 0; stroke-dasharray: none; stroke-linecap: butt; stroke-linejoin: miter; stroke-miterlimit: 10; fill: none; fill-rule: nonzero; opacity: 1;\" transform=\"translate(1.4065934065934016 1.4065934065934016) scale(2.81 2.81)\">\t<path d=\"M 45 0 C 20.147 0 0 20.147 0 45 c 0 24.853 20.147 45 45 45 s 45 -20.147 45 -45 C 90 20.147 69.853 0 45 0 z M 53.504 70 H 41.897 V 33.049 l -11.401 3.331 v -8.791 L 52.439 20 h 1.065 V 70 z\" style=\"stroke: none; stroke-width: 1; stroke-dasharray: none; stroke-linecap: butt; stroke-linejoin: miter; stroke-miterlimit: 10; fill: rgb(85,34,2); fill-rule: nonzero; opacity: 1;\" transform=\" matrix(1 0 0 1 0 0) \" stroke-linecap=\"round\"><\/path><\/g><\/svg>\t\t\t\t\t\t<\/span>\n\t\t\t\t\t\t\t\t\t\t<span class=\"elementor-icon-list-text\">Z\u00e1kladn\u00ed p\u00e9\u010de o psa<\/span>\n\t\t\t\t\t\t\t\t\t<\/li>\n\t\t\t\t\t\t\t\t<li class=\"elementor-icon-list-item\">\n\t\t\t\t\t\t\t\t\t\t\t<span class=\"elementor-icon-list-icon\">\n\t\t\t\t\t\t\t<svg xmlns=\"http:\/\/www.w3.org\/2000\/svg\" xmlns:xlink=\"http:\/\/www.w3.org\/1999\/xlink\" width=\"256\" height=\"256\" viewBox=\"0 0 256 256\" xml:space=\"preserve\"><g style=\"stroke: none; stroke-width: 0; stroke-dasharray: none; stroke-linecap: butt; stroke-linejoin: miter; stroke-miterlimit: 10; fill: none; fill-rule: nonzero; opacity: 1;\" transform=\"translate(1.4065934065934016 1.4065934065934016) scale(2.81 2.81)\">\t<path d=\"M 45 0 C 20.147 0 0 20.147 0 45 c 0 24.853 20.147 45 45 45 s 45 -20.147 45 -45 C 90 20.147 69.853 0 45 0 z M 62.705 70 H 28.311 v -7.448 l 15.843 -16.656 c 3.905 -4.445 5.857 -7.977 5.857 -10.595 c 0 -2.121 -0.463 -3.735 -1.388 -4.841 s -2.268 -1.659 -4.029 -1.659 c -1.738 0 -3.148 0.74 -4.231 2.217 c -1.084 1.478 -1.625 3.323 -1.625 5.535 H 27.295 c 0 -3.024 0.756 -5.817 2.269 -8.379 c 1.512 -2.562 3.61 -4.565 6.297 -6.009 C 38.546 20.723 41.547 20 44.865 20 c 5.326 0 9.427 1.23 12.305 3.69 c 2.878 2.46 4.316 5.992 4.316 10.595 c 0 1.941 -0.362 3.831 -1.084 5.67 c -0.722 1.84 -1.844 3.77 -3.367 5.788 c -1.524 2.021 -3.978 4.723 -7.364 8.108 l -6.364 7.346 h 19.398 V 70 z\" style=\"stroke: none; stroke-width: 1; stroke-dasharray: none; stroke-linecap: butt; stroke-linejoin: miter; stroke-miterlimit: 10; fill: rgb(77,40,0); fill-rule: nonzero; opacity: 1;\" transform=\" matrix(1 0 0 1 0 0) \" stroke-linecap=\"round\"><\/path><\/g><\/svg>\t\t\t\t\t\t<\/span>\n\t\t\t\t\t\t\t\t\t\t<span class=\"elementor-icon-list-text\">Z\u00e1kladn\u00ed ovladatelnost psa<\/span>\n\t\t\t\t\t\t\t\t\t<\/li>\n\t\t\t\t\t\t\t\t<li class=\"elementor-icon-list-item\">\n\t\t\t\t\t\t\t\t\t\t\t<span class=\"elementor-icon-list-icon\">\n\t\t\t\t\t\t\t<svg xmlns=\"http:\/\/www.w3.org\/2000\/svg\" xmlns:xlink=\"http:\/\/www.w3.org\/1999\/xlink\" width=\"256\" height=\"256\" viewBox=\"0 0 256 256\" xml:space=\"preserve\"><g style=\"stroke: none; stroke-width: 0; stroke-dasharray: none; stroke-linecap: butt; stroke-linejoin: miter; stroke-miterlimit: 10; fill: none; fill-rule: nonzero; opacity: 1;\" transform=\"translate(1.4065934065934016 1.4065934065934016) scale(2.81 2.81)\">\t<path d=\"M 45 0 C 20.147 0 0 20.147 0 45 c 0 24.853 20.147 45 45 45 s 45 -20.147 45 -45 C 90 20.147 69.853 0 45 0 z M 57.659 66.092 C 54.319 68.698 49.932 70 44.499 70 c -3.185 0 -6.141 -0.607 -8.868 -1.82 c -2.728 -1.214 -4.793 -2.895 -6.196 -5.043 c -1.403 -2.149 -2.104 -4.594 -2.104 -7.332 h 11.322 c 0 1.493 0.601 2.784 1.804 3.874 c 1.202 1.091 2.683 1.637 4.442 1.637 c 1.981 0 3.562 -0.552 4.743 -1.653 c 1.179 -1.103 1.77 -2.51 1.77 -4.225 c 0 -2.449 -0.613 -4.186 -1.837 -5.211 c -1.225 -1.023 -2.918 -1.536 -5.077 -1.536 h -5.478 v -8.383 h 5.311 c 4.208 0 6.312 -2.06 6.312 -6.179 c 0 -1.603 -0.5 -2.911 -1.503 -3.925 c -1.002 -1.013 -2.416 -1.52 -4.241 -1.52 c -1.492 0 -2.789 0.434 -3.892 1.303 c -1.102 0.868 -1.653 1.949 -1.653 3.239 H 28.099 c 0 -2.56 0.712 -4.843 2.137 -6.847 c 1.425 -2.004 3.401 -3.568 5.928 -4.693 C 38.693 20.563 41.47 20 44.499 20 c 5.411 0 9.664 1.236 12.759 3.707 c 3.094 2.472 4.642 5.868 4.642 10.187 c 0 2.093 -0.64 4.069 -1.921 5.928 c -1.28 1.86 -3.145 3.368 -5.594 4.526 c 2.582 0.936 4.61 2.355 6.079 4.259 c 1.468 1.904 2.204 4.259 2.204 7.065 C 62.669 60.013 60.998 63.487 57.659 66.092 z\" style=\"stroke: none; stroke-width: 1; stroke-dasharray: none; stroke-linecap: butt; stroke-linejoin: miter; stroke-miterlimit: 10; fill: rgb(77,40,0); fill-rule: nonzero; opacity: 1;\" transform=\" matrix(1 0 0 1 0 0) \" stroke-linecap=\"round\"><\/path><\/g><\/svg>\t\t\t\t\t\t<\/span>\n\t\t\t\t\t\t\t\t\t\t<span class=\"elementor-icon-list-text\">P\u0159\u00edprava na sout\u011b\u017ee<\/span>\n\t\t\t\t\t\t\t\t\t<\/li>\n\t\t\t\t\t\t<\/ul>\n\t\t\t\t\t\t<\/div>\n\t\t\t\t<\/div>\n\t\t\t\t\t<\/div>\n\t\t\t\t<\/div>\n\t\t<div class=\"elementor-element elementor-element-e428ae1 e-flex e-con-boxed e-con e-parent\" data-id=\"e428ae1\" data-element_type=\"container\">\n\t\t\t\t\t<div class=\"e-con-inner\">\n\t\t\t\t<div class=\"elementor-element elementor-element-62bf7c7 elementor-widget elementor-widget-image\" data-id=\"62bf7c7\" data-element_type=\"widget\" data-widget_type=\"image.default\">\n\t\t\t\t<div class=\"elementor-widget-container\">\n\t\t\t\t\t\t\t\t\t\t\t\t\t\t\t<img fetchpriority=\"high\" decoding=\"async\" width=\"1000\" height=\"625\" src=\"https:\/\/www.fitmin-kennel.cz\/wp-content\/uploads\/2025\/05\/fitmin-kennel-darcy-v2-1000x625-1.jpg\" class=\"attachment-1536x1536 size-1536x1536 wp-image-18\" alt=\"\" srcset=\"https:\/\/www.fitmin-kennel.cz\/wp-content\/uploads\/2025\/05\/fitmin-kennel-darcy-v2-1000x625-1.jpg 1000w, https:\/\/www.fitmin-kennel.cz\/wp-content\/uploads\/2025\/05\/fitmin-kennel-darcy-v2-1000x625-1-300x188.jpg 300w, https:\/\/www.fitmin-kennel.cz\/wp-content\/uploads\/2025\/05\/fitmin-kennel-darcy-v2-1000x625-1-768x480.jpg 768w\" sizes=\"(max-width: 1000px) 100vw, 1000px\" \/>\t\t\t\t\t\t\t\t\t\t\t\t\t\t\t<\/div>\n\t\t\t\t<\/div>\n\t\t\t\t\t<\/div>\n\t\t\t\t<\/div>\n\t\t\t\t<\/div>\n\t\t","protected":false},"excerpt":{"rendered":"<p>Kynologick\u00fd krou\u017eek Kynologick\u00fd krou\u017eek je ur\u010den hlavn\u011b d\u011btem, kter\u00e9 by si r\u00e1dy vyzkou\u0161ely p\u00e9\u010di o pejska, ale sv\u00e9ho vlastn\u00edho doma [&hellip;]<\/p>\n","protected":false},"author":1,"featured_media":0,"parent":0,"menu_order":0,"comment_status":"closed","ping_status":"closed","template":"","meta":{"site-sidebar-layout":"no-sidebar","site-content-layout":"","ast-site-content-layout":"full-width-container","site-content-style":"default","site-sidebar-style":"default","ast-global-header-display":"","ast-banner-title-visibility":"","ast-main-header-display":"","ast-hfb-above-header-display":"","ast-hfb-below-header-display":"","ast-hfb-mobile-header-display":"","site-post-title":"disabled","ast-breadcrumbs-content":"","ast-featured-img":"disabled","footer-sml-layout":"","theme-transparent-header-meta":"","adv-header-id-meta":"","stick-header-meta":"","header-above-stick-meta":"","header-main-stick-meta":"","header-below-stick-meta":"","astra-migrate-meta-layouts":"default","ast-page-background-enabled":"default","ast-page-background-meta":{"desktop":{"background-color":"var(--ast-global-color-5)","background-image":"","background-repeat":"repeat","background-position":"center center","background-size":"auto","background-attachment":"scroll","background-type":"","background-media":"","overlay-type":"","overlay-color":"","overlay-opacity":"","overlay-gradient":""},"tablet":{"background-color":"","background-image":"","background-repeat":"repeat","background-position":"center center","background-size":"auto","background-attachment":"scroll","background-type":"","background-media":"","overlay-type":"","overlay-color":"","overlay-opacity":"","overlay-gradient":""},"mobile":{"background-color":"","background-image":"","background-repeat":"repeat","background-position":"center center","background-size":"auto","background-attachment":"scroll","background-type":"","background-media":"","overlay-type":"","overlay-color":"","overlay-opacity":"","overlay-gradient":""}},"ast-content-background-meta":{"desktop":{"background-color":"var(--ast-global-color-4)","background-image":"","background-repeat":"repeat","background-position":"center center","background-size":"auto","background-attachment":"scroll","background-type":"","background-media":"","overlay-type":"","overlay-color":"","overlay-opacity":"","overlay-gradient":""},"tablet":{"background-color":"var(--ast-global-color-4)","background-image":"","background-repeat":"repeat","background-position":"center center","background-size":"auto","background-attachment":"scroll","background-type":"","background-media":"","overlay-type":"","overlay-color":"","overlay-opacity":"","overlay-gradient":""},"mobile":{"background-color":"var(--ast-global-color-4)","background-image":"","background-repeat":"repeat","background-position":"center center","background-size":"auto","background-attachment":"scroll","background-type":"","background-media":"","overlay-type":"","overlay-color":"","overlay-opacity":"","overlay-gradient":""}},"footnotes":""},"class_list":["post-185","page","type-page","status-publish","hentry"],"_links":{"self":[{"href":"https:\/\/www.fitmin-kennel.cz\/index.php?rest_route=\/wp\/v2\/pages\/185","targetHints":{"allow":["GET"]}}],"collection":[{"href":"https:\/\/www.fitmin-kennel.cz\/index.php?rest_route=\/wp\/v2\/pages"}],"about":[{"href":"https:\/\/www.fitmin-kennel.cz\/index.php?rest_route=\/wp\/v2\/types\/page"}],"author":[{"embeddable":true,"href":"https:\/\/www.fitmin-kennel.cz\/index.php?rest_route=\/wp\/v2\/users\/1"}],"replies":[{"embeddable":true,"href":"https:\/\/www.fitmin-kennel.cz\/index.php?rest_route=%2Fwp%2Fv2%2Fcomments&post=185"}],"version-history":[{"count":31,"href":"https:\/\/www.fitmin-kennel.cz\/index.php?rest_route=\/wp\/v2\/pages\/185\/revisions"}],"predecessor-version":[{"id":499,"href":"https:\/\/www.fitmin-kennel.cz\/index.php?rest_route=\/wp\/v2\/pages\/185\/revisions\/499"}],"wp:attachment":[{"href":"https:\/\/www.fitmin-kennel.cz\/index.php?rest_route=%2Fwp%2Fv2%2Fmedia&parent=185"}],"curies":[{"name":"wp","href":"https:\/\/api.w.org\/{rel}","templated":true}]}}